{"id":132,"date":"2019-03-06T17:54:04","date_gmt":"2019-03-06T16:54:04","guid":{"rendered":"http:\/\/sports-custom.com\/base\/?page_id=132"},"modified":"2025-09-16T16:54:53","modified_gmt":"2025-09-16T14:54:53","slug":"qui-sommes-nous","status":"publish","type":"page","link":"https:\/\/sports-custom.com\/fffa-sublimation\/qui-sommes-nous\/","title":{"rendered":"Qui sommes-nous ?"},"content":{"rendered":"<p><img loading=\"lazy\" decoding=\"async\" class=\"alignnone size-full wp-image-225 aligncenter\" src=\"http:\/\/sports-custom.com\/base\/wp-content\/uploads\/sites\/2\/2019\/03\/qsn.jpg\" alt=\"\" width=\"200\" height=\"271\" \/><\/p>\n<p style=\"text-align: center;\">La soci\u00e9t\u00e9 Sports Custom \/ MisteRugby est une entreprise familiale Fran\u00e7aise cr\u00e9\u00e9e en 2006 par deux fr\u00e8res rugbymen.<\/p>\n<p style=\"text-align: center;\">Nous sommes sp\u00e9cialis\u00e9s dans l\u2019 \u00e9quipement des clubs tout sport confondu en France, Europe, US et Afrique.<\/p>\n<p style=\"text-align: center;\">Plus de 600 clubs et f\u00e9d\u00e9rations nous font confiance depuis 20 ans.<\/p>\n<p>&nbsp;<\/p>\n","protected":false},"excerpt":{"rendered":"<p>La soci\u00e9t\u00e9 Sports Custom \/ MisteRugby est une entreprise familiale Fran\u00e7aise cr\u00e9\u00e9e en 2006 par deux fr\u00e8res rugbymen. Nous sommes sp\u00e9cialis\u00e9s dans l\u2019 \u00e9quipement des clubs tout sport confondu en France, Europe, US et Afrique. Plus de 600 clubs et f\u00e9d\u00e9rations nous font confiance depuis 20 ans. &nbsp;<\/p>\n","protected":false},"author":1,"featured_media":0,"parent":0,"menu_order":0,"comment_status":"closed","ping_status":"closed","template":"template-fullwidth.php","meta":{"footnotes":""},"class_list":["post-132","page","type-page","status-publish","hentry"],"_links":{"self":[{"href":"https:\/\/sports-custom.com\/fffa-sublimation\/wp-json\/wp\/v2\/pages\/132","targetHints":{"allow":["GET"]}}],"collection":[{"href":"https:\/\/sports-custom.com\/fffa-sublimation\/wp-json\/wp\/v2\/pages"}],"about":[{"href":"https:\/\/sports-custom.com\/fffa-sublimation\/wp-json\/wp\/v2\/types\/page"}],"author":[{"embeddable":true,"href":"https:\/\/sports-custom.com\/fffa-sublimation\/wp-json\/wp\/v2\/users\/1"}],"replies":[{"embeddable":true,"href":"https:\/\/sports-custom.com\/fffa-sublimation\/wp-json\/wp\/v2\/comments?post=132"}],"version-history":[{"count":5,"href":"https:\/\/sports-custom.com\/fffa-sublimation\/wp-json\/wp\/v2\/pages\/132\/revisions"}],"predecessor-version":[{"id":945,"href":"https:\/\/sports-custom.com\/fffa-sublimation\/wp-json\/wp\/v2\/pages\/132\/revisions\/945"}],"wp:attachment":[{"href":"https:\/\/sports-custom.com\/fffa-sublimation\/wp-json\/wp\/v2\/media?parent=132"}],"curies":[{"name":"wp","href":"https:\/\/api.w.org\/{rel}","templated":true}]}}