{"id":134,"date":"2019-03-06T17:54:24","date_gmt":"2019-03-06T16:54:24","guid":{"rendered":"http:\/\/sports-custom.com\/base\/?page_id=134"},"modified":"2025-09-19T11:36:29","modified_gmt":"2025-09-19T09:36:29","slug":"correspondances-de-tailles","status":"publish","type":"page","link":"https:\/\/sports-custom.com\/fffa-sublimation\/correspondances-de-tailles\/","title":{"rendered":"Correspondances de tailles"},"content":{"rendered":"<h2><\/h2>\n<h2 style=\"text-align: center;\"><strong><span style=\"color: #0e3460;\">Correspondances de tailles \u2013 \u00e0 titre indicatif<\/span><\/strong><\/h2>\n<p style=\"text-align: center;\">Les produits ont \u00e9t\u00e9 d\u00e9velopp\u00e9s en collaboration avec les joueuses et joueurs des \u00e9quipes de France de Flag. Les coupes sont cintr\u00e9es.<br \/>\nNous conseillons de prendre votre taille habituelle pour la pratique, une au dessus pour plus de confort en loisir.<\/p>\n<p style=\"text-align: center;\"><em>Nos produits sublim\u00e9s sont fabriqu\u00e9s en France depuis 2006.<\/em><\/p>\n<p><img loading=\"lazy\" decoding=\"async\" class=\"aligncenter wp-image-1067\" src=\"http:\/\/sports-custom.com\/fffa-sublimation\/wp-content\/uploads\/sites\/71\/2025\/09\/drapeaufr.jpg\" alt=\"\" width=\"99\" height=\"60\" \/><\/p>\n<hr \/>\n<p><img loading=\"lazy\" decoding=\"async\" class=\"aligncenter size-full wp-image-1071\" src=\"http:\/\/sports-custom.com\/fffa-sublimation\/wp-content\/uploads\/sites\/71\/2025\/09\/corredpondancestailles.jpg\" alt=\"\" width=\"800\" height=\"473\" srcset=\"https:\/\/sports-custom.com\/fffa-sublimation\/wp-content\/uploads\/sites\/71\/2025\/09\/corredpondancestailles.jpg 800w, https:\/\/sports-custom.com\/fffa-sublimation\/wp-content\/uploads\/sites\/71\/2025\/09\/corredpondancestailles-300x177.jpg 300w, https:\/\/sports-custom.com\/fffa-sublimation\/wp-content\/uploads\/sites\/71\/2025\/09\/corredpondancestailles-768x454.jpg 768w, https:\/\/sports-custom.com\/fffa-sublimation\/wp-content\/uploads\/sites\/71\/2025\/09\/corredpondancestailles-416x246.jpg 416w\" sizes=\"auto, (max-width: 800px) 100vw, 800px\" \/><\/p>\n<p>&nbsp;<\/p>\n","protected":false},"excerpt":{"rendered":"<p>Correspondances de tailles \u2013 \u00e0 titre indicatif Les produits ont \u00e9t\u00e9 d\u00e9velopp\u00e9s en collaboration avec les joueuses et joueurs des \u00e9quipes de France de Flag. Les coupes sont cintr\u00e9es. Nous conseillons de prendre votre taille habituelle pour la pratique, une au dessus pour plus de confort en loisir. Nos produits sublim\u00e9s sont fabriqu\u00e9s en France [&hellip;]<\/p>\n","protected":false},"author":1,"featured_media":0,"parent":0,"menu_order":0,"comment_status":"closed","ping_status":"closed","template":"template-fullwidth.php","meta":{"footnotes":""},"class_list":["post-134","page","type-page","status-publish","hentry"],"_links":{"self":[{"href":"https:\/\/sports-custom.com\/fffa-sublimation\/wp-json\/wp\/v2\/pages\/134","targetHints":{"allow":["GET"]}}],"collection":[{"href":"https:\/\/sports-custom.com\/fffa-sublimation\/wp-json\/wp\/v2\/pages"}],"about":[{"href":"https:\/\/sports-custom.com\/fffa-sublimation\/wp-json\/wp\/v2\/types\/page"}],"author":[{"embeddable":true,"href":"https:\/\/sports-custom.com\/fffa-sublimation\/wp-json\/wp\/v2\/users\/1"}],"replies":[{"embeddable":true,"href":"https:\/\/sports-custom.com\/fffa-sublimation\/wp-json\/wp\/v2\/comments?post=134"}],"version-history":[{"count":11,"href":"https:\/\/sports-custom.com\/fffa-sublimation\/wp-json\/wp\/v2\/pages\/134\/revisions"}],"predecessor-version":[{"id":1073,"href":"https:\/\/sports-custom.com\/fffa-sublimation\/wp-json\/wp\/v2\/pages\/134\/revisions\/1073"}],"wp:attachment":[{"href":"https:\/\/sports-custom.com\/fffa-sublimation\/wp-json\/wp\/v2\/media?parent=134"}],"curies":[{"name":"wp","href":"https:\/\/api.w.org\/{rel}","templated":true}]}}