{"id":937,"date":"2025-06-13T11:54:55","date_gmt":"2025-06-13T09:54:55","guid":{"rendered":"https:\/\/sports-custom.com\/french-darts-festival\/?post_type=product&#038;p=937"},"modified":"2026-01-06T10:28:56","modified_gmt":"2026-01-06T09:28:56","slug":"casquette-adulte-modele-truck","status":"publish","type":"product","link":"https:\/\/sports-custom.com\/french-darts-festival\/produit\/casquette-adulte-modele-truck\/","title":{"rendered":"Casquette adulte &#8211; mod\u00e8le TRUCK"},"content":{"rendered":"","protected":false},"excerpt":{"rendered":"<ul>\n<li>bicolore blanc\/noir<\/li>\n<li>logo transfert<\/li>\n<li>5 panneaux &#8211; 110 gr<\/li>\n<li>panneau frontal en mousse<\/li>\n<li>taille r\u00e9glable \u00e0 l&rsquo; arri\u00e8re<\/li>\n<\/ul>\n","protected":false},"featured_media":985,"template":"","meta":[],"product_brand":[],"product_cat":[42],"product_tag":[],"class_list":{"0":"post-937","1":"product","2":"type-product","3":"status-publish","4":"has-post-thumbnail","6":"product_cat-accessoires","8":"first","9":"instock","10":"sale","11":"taxable","12":"shipping-taxable","13":"purchasable","14":"product-type-simple"},"_links":{"self":[{"href":"https:\/\/sports-custom.com\/french-darts-festival\/wp-json\/wp\/v2\/product\/937","targetHints":{"allow":["GET"]}}],"collection":[{"href":"https:\/\/sports-custom.com\/french-darts-festival\/wp-json\/wp\/v2\/product"}],"about":[{"href":"https:\/\/sports-custom.com\/french-darts-festival\/wp-json\/wp\/v2\/types\/product"}],"wp:featuredmedia":[{"embeddable":true,"href":"https:\/\/sports-custom.com\/french-darts-festival\/wp-json\/wp\/v2\/media\/985"}],"wp:attachment":[{"href":"https:\/\/sports-custom.com\/french-darts-festival\/wp-json\/wp\/v2\/media?parent=937"}],"wp:term":[{"taxonomy":"product_brand","embeddable":true,"href":"https:\/\/sports-custom.com\/french-darts-festival\/wp-json\/wp\/v2\/product_brand?post=937"},{"taxonomy":"product_cat","embeddable":true,"href":"https:\/\/sports-custom.com\/french-darts-festival\/wp-json\/wp\/v2\/product_cat?post=937"},{"taxonomy":"product_tag","embeddable":true,"href":"https:\/\/sports-custom.com\/french-darts-festival\/wp-json\/wp\/v2\/product_tag?post=937"}],"curies":[{"name":"wp","href":"https:\/\/api.w.org\/{rel}","templated":true}]}}